Suppose 0 = -f*h + 2096 + 1476. Is h a composite number?
True
Let v = 7 + -4. Let j(l) = 6*l + 45. Let f be j(-7). Suppose -v*m + 8817 = y - 0*y, -5*y + 8817 = f*m. Is m a prime number?
True
Suppose -32*h + 655789 = -233523. Is h a composite number?
False
Suppose -26 = -5*o - 6, 5*o = 3*z + 14. Suppose 40 = 8*h + z*h. Suppose -g - 2*j + 241 = 0, 984 = h*g + 8*j - 4*j. Is g a composite number?
False
Let g = -81273 + 309166. Is g a prime number?
True
Suppose 4*j - 152 = 40. Is 4546 - (j/64 - (-7)/(-4)) prime?
True
Suppose 5*t + 3 - 7 = -p, 0 = -2*p + 4*t + 8. Suppose -p*f = 5*x - 3291, 2*f + 1322 = 2*x + 5*f. Suppose -3*w = q - 0*w - 655, -q + 2*w = -x. Is q composite?
True
Let b = -29 + 31. Suppose 2*t = -b*t. Suppose 2*v - 3*w - 76 = -w, t = 2*w - 10. Is v composite?
False
Suppose -6*z + 4*t - 20 = -2*z, 3*z + 5*t - 9 = 0. Let u(l) = 881*l - 7. Let k(o) = 5288*o - 43. Let m(v) = 6*k(v) - 39*u(v). Is m(z) prime?
False
Suppose -43*l - 210556 = -3592832 - 1271227. Is l a composite number?
True
Let c = 4 + -2. Let g(j) = 4*j + 2*j - 2*j + 40 + c*j. Is g(21) composite?
True
Let t(s) = 2*s + 22. Let a be t(-15). Let w be (a/5)/((-8)/1200). Let l = 403 - w. Is l a composite number?
False
Let z = -89133 + 469970. Is z a prime number?
True
Suppose 5*d + d - 30 = 0. Suppose -10 = -d*i, i - 4 = 4*n - i. Suppose -z - 2*c + 13 = 0, z - 5*c + 1 = -n. Is z a prime number?
False
Suppose 42899 = 3*p + b - 30424, 0 = 3*p - 5*b - 73323. Is p a prime number?
False
Let n be 1*-2 + 1232/1. Let o be -2 + (-14)/7 + -1 - -8. Suppose -2*z - 2*z + n = -o*s, -3*s - 303 = -z. Is z a composite number?
True
Suppose -4*i - 4*o = 4, 5*o + 10 = 3*i - 11. Suppose -5*z + 3420 = i*c, -2*c = -0*z + 2*z - 1368. Suppose -5*x + h = -116 - z, 3*h = 2*x - 307. Is x composite?
True
Let b = 347 + -335. Let a(l) = 182*l**2 + 9*l - 23. Is a(b) prime?
True
Is (-161)/115*-49475 + -24 prime?
False
Suppose 0 = -119*y + 115*y - 876. Let m = y - -410. Is m prime?
True
Let v(f) = -7*f + 373. Suppose 29*p = 30*p. Is v(p) a composite number?
False
Let h(d) = 54*d**2 + 8*d - 3. Let o be h(5). Let m = -166 + 168. Suppose w - 4*w = -3, 0 = r + m*w - o. Is r composite?
True
Let y be (9/(-6) - 0)/((-2)/4). Suppose b + 2*v = 3, 2*b - 6*b - y*v + 12 = 0. Suppose b*x + 6836 = 16289. Is x a prime number?
False
Suppose 797891 = 2*y + 5*w, 18*y - 5*w = 19*y - 398958. Is y composite?
False
Let f(o) = -o**3 + o**2 + 5. Let t be f(0). Suppose 4*s - 5131 = 5*q, 4*s + 7*q = t*q + 5110. Is s a prime number?
True
Suppose 13*p = -746173 + 1293411 + 2198453. Is p a prime number?
False
Let g(d) = 779 + 1763 - 809 - 710*d + 695*d. Is g(0) a prime number?
True
Is (0 - (3 + 34/(-12)))/(17/(-9892878)) a composite number?
False
Suppose -17100 = -13*u + 4*u. Suppose 2*s - p = -950, -6*s + 10*s = -3*p - u. Let r = s + 1832. Is r a prime number?
False
Suppose 0 = -5*f + 5*c - 1045, 2*f + 402 = c - 3*c. Let a = -954 - f. Let x = -432 - a. Is x a composite number?
False
Is -9 + (-6 - -24683 - 9) prime?
True
Suppose -16*h + 20*h - 319104 = -k, 3*h - 5*k - 239351 = 0. Is h prime?
True
Let f = -336 - -581. Let j = f - -132. Is j a composite number?
True
Is ((-60)/50*5/15)/((-4)/2426170) composite?
False
Let a be (-171024)/6*(-1 - 0) - -1. Suppose -36*b + 31*b + a = 0. Is b a prime number?
True
Suppose -40 = 2*y - 7*y + 4*a, -3*a - 19 = -y. Suppose x - 1254 = 5*s, -y*x - 4*s = -0*s - 4992. Is x prime?
True
Suppose 14 = 6*f - 316. Let y = f - 50. Suppose -u + 18 = 2*q, 3*u - y*u = -5*q. Is u a prime number?
False
Let y(m) = -5851*m - 4714. Is y(-15) composite?
True
Let p(d) = 21*d**3 + 12*d - 17. Suppose 11*x - 107 + 19 = 0. Is p(x) composite?
False
Suppose 0*t + 4629 = 3*t. Let j be (-28 - (-1111268)/391) + 2/(-17). Let m = j - t. Is m prime?
False
Let r(b) = -2*b**3 + 4*b**2 + 10*b + 11. Let d(o) = -6 - 7 + 9 + o. Let t be d(-2). Is r(t) composite?
True
Let g(q) = 4*q + 6. Let h be g(-3). Suppose 5*o = 2*c + 16, -5*c = o - 3 - 11. Is (-201)/h - 6/(-8)*c a prime number?
False
Let z(f) = 249*f + 70. Let w be z(4). Suppose 539 = 2*y - 5*v, 4*y + 4*v - 2*v - w = 0. Is y a prime number?
False
Suppose -7466924 - 3450332 = -3*i - 53*i. Is i a composite number?
True
Suppose 55 = y + 399. Let r = -685 - -1180. Let z = r - y. Is z prime?
True
Suppose -2*t = 4, -4*w - 38665 = -3*t + 43461. Is (-1)/(2/w) + (-13)/(-26) prime?
True
Let a(t) = t**3 + 18*t**2 + t + 8. Let o be a(-18). Let z be 2/10 + (-38)/o. Suppose -w = -3*c - 328, -z*w + 2*c = -466 - 876. Is w composite?
False
Suppose -4*g + j + 93 = -g, 5*g - 2*j = 154. Is 759720/32 - (-4)/(g/(-2)) composite?
False
Let n(g) be the second derivative of g**4/12 + 3*g**3/2 - 3*g**2/2 + 23*g. Let o be n(-10). Suppose -o*r + 8215 = 2118. Is r composite?
True
Suppose o - 1919*d = -1917*d + 678619, -d = 2*o - 1357278. Is o prime?
False
Is (2/19 + 810/2052)*109294 a prime number?
True
Let f(y) = -y**3 - 4*y**2 + 11*y + 62. Let a be f(-7). Suppose -125*x = -a*x + 74123. Is x composite?
False
Let s(u) = -2*u**3 + 12*u**2 - 166*u - 55. Is s(-40) prime?
False
Suppose -5*n + 21843 = w, -12213 = -4*w - 2*n + 75069. Is w a prime number?
False
Is 4*4/16*(-51 + 198812) prime?
True
Let n be ((-6)/6)/(1/17)*1. Let i(t) = -t**3 - 16*t**2 + 11*t - 15. Let f be i(n). Suppose k = -j + f, -4 + 12 = 4*k. Is j composite?
True
Let f = -84 - 69. Let o be 272/f + (-4)/18. Let d(c) = -991*c - 9. Is d(o) prime?
True
Let f be 32/(-6)*(-3)/(-2). Let o = 7 + f. Is 3 + -6 + (o - -153) a composite number?
False
Suppose 218*d - 12523867 = 114*d - 153*d. Is d prime?
True
Suppose g - 6*g - 52330 = 5*n, -2*n - 52330 = 5*g. Let j = 18651 + g. Is j prime?
False
Let q = 88 + -86. Suppose -3*n = -3*l - 7347, 12*l - 4914 = -q*n + 10*l. Is n composite?
True
Let n(y) = -1203*y + 37. Let p be n(-3). Let a = p - 2169. Is a a composite number?
True
Suppose -2*w = -6*l + 616558, -16*l + 3*w = -20*l + 411056. Is l composite?
False
Let k = -472 + 480. Let z(y) = y**3 + 12*y**2 - 13*y + 11. Is z(k) a prime number?
True
Let d(k) = -9*k**3 - 21*k**2 - 78*k + 1. Is d(-8) a composite number?
False
Suppose 11*a - 563273 = 38526. Is a a composite number?
False
Suppose -d = -o - 5, 5*d - 5*o = -o + 23. Suppose -2*r = d*r + 5*p + 3355, -3*r - 2*p = 2016. Let c = -225 - r. Is c a prime number?
True
Let p(w) = 4*w**2 + 62*w - 161. Suppose 2*x - 15 = -5*o + 24, -4*x = -5*o - 153. Is p(x) composite?
True
Let t(c) = -14*c + 3*c - 3*c**2 - 5 + 18*c**2. Is t(-11) a prime number?
True
Let n(u) = 29*u**2 + u + 18. Let t be n(6). Let z = t + -625. Is z a prime number?
True
Suppose 2*b = 10, 0*y = -3*y + 4*b + 4597. Let w = -5506 - -5286. Let d = w + y. Is d prime?
True
Let n be ((-2)/3)/((-3)/165753). Let g(p) = 70*p + 140. Let j be g(-2). Suppose j = o + 5*o - n. Is o composite?
True
Let d = 54232 - -31779. Is d a composite number?
False
Suppose -257*k - 813761 + 32286238 = 0. Is k composite?
True
Let h(m) = m**3 + 9*m**2 - m + 1. Let u be h(-9). Suppose -4*s = 2*j - 1004, s + 5*j = 243 - u. Is s prime?
False
Let a = -780 - -812. Is (18 - a)/((-22170)/(-22174) + -1) composite?
True
Let i be 4/(-7)*70/20. Let q(a) = 3*a**2 + 7*a + 5. Let k be q(i). Let c(h) = 17*h**2 + h + 1. Is c(k) composite?
False
Let y be (122/28*-48)/(12/(-2184)). Let n = -6073 + y. Is n composite?
False
Suppose 4*f - f - 4*m = -3052, 2*m = -4*f - 4106. Suppose 0 = 3*a - 809 - 4636. Let l = f + a. Is l a composite number?
True
Suppose 5*a = 2*j - 21370, 4*j - 4518 = -3*a + 38222. Suppose -8*u - j = -13*u. Is u composite?
False
Let w = 342 - 5. Let z = -53 - -1738. Suppose w = d + p - 5*p, 3*p + z = 5*d. Is d prime?
True
Let u = 25854 + 1727. Is u composite?
False
Suppose 4*t = -2*w + 2201 + 6009, w + 10245 = 5*t. Suppose 4*s - 16 = 0, -2*y - 2*s = 664 - t. Is y a composite number?
True
Let n(j) = -2*j**3 - 24*j**2 + 5*j - 2. Let l(v) = 11*v + 14. Let y be l(-3). Is n(y) composite?
False
Suppose 11*y = 10942386 + 922115. Is y prime?
False
Let x(k) = 584*k**2 + 14*k + 7. Let b be x(5). Let f = 22890 - b. Let z = 13150 - f. Is z composite?
False
Let b(t) = -376*t + 2405. Is b(-14) prime?
True
Let a = -17 + -7. Let g = a + -15. Is 6/(-39) + (-43491)/g prime?
False
Let k be 4860/105 + 4/(-14). Let j = 45 - k. Is -573*(2 + (j - 2)) composite?
True
Suppose -4*c - 461 = -3*i + 2*i, -i = 3. Let l